{"id":46,"date":"2018-06-29T01:03:44","date_gmt":"2018-06-28T22:03:44","guid":{"rendered":"https:\/\/www.melodata.com\/?page_id=46"},"modified":"2026-02-04T18:56:43","modified_gmt":"2026-02-04T16:56:43","slug":"av-palvelut","status":"publish","type":"page","link":"https:\/\/www.melodata.com\/?page_id=46","title":{"rendered":"AV-palvelut"},"content":{"rendered":"<p><strong>Podcast-ohjelman \u00e4\u00e4nitiedostojen editointi- ja koostopalvelu<\/strong><\/p>\n<p>Podcastin ja radio-ohjelman \u00e4\u00e4nitt\u00e4minen on hauskaa, mutta joskus lopullisen ohjelman koostaminen ja editointi voi olla ty\u00f6l\u00e4st\u00e4 ja hankalalta tuntuvaa. Me autamme t\u00e4ss\u00e4: Podcast- ja radio- ym. ohjelmien koostaminen useasta \u00e4\u00e4nitiedostosta yhdeksi kokonaisuudeksi ja valmiiksi \u00e4\u00e4niraidaksi (haastattelut, efektit, mahdollinen musiikki ja jinglet jne.). \u00c4\u00e4nitiedostojen leikkaus, korjaus, kohinan- ja virheidenpoisto ym. sek\u00e4 valmiin ohjelman koostaminen tilaajan ohjeiden mukaan.<\/p>\n<p>Valmiin ohjelman voit laittaa podcast-julkaisupalveluihin kuten <em>Soundcloud <\/em>tai <em>podcasters.spotify.com,<\/em>\u00a0joista podcast voidaan linkitt\u00e4\u00e4 esim. \u00a0<em>Applen<\/em> podcast-jakelupalveluun tai omalle kotisivullesi.<\/p>\n<p>Tilauksesta s\u00e4vell\u00e4mme podcastillesi my\u00f6s yksil\u00f6llisen tunnusmusiikin ja jinglet.\u00a0 Autamme my\u00f6s podcastisi grafiikan suunnittelussa ja toteutuksessa.<\/p>\n<p>Voit l\u00e4hett\u00e4\u00e4 \u00e4\u00e4nitiedostosi meille internetin kautta (esim. Google Drive tai <a href=\"https:\/\/wetransfer.com\/\" target=\"_blank\" rel=\"noopener\">WeTransfer<\/a>-palvelu) tai postitse esim. CD\/DVD:ll\u00e4. C-kasettien digitointikin onnistuu. Valmis \u00e4\u00e4niohjelma toimitetaan vastaavasti internetin kautta tai postitse CD\/DVD-levyll\u00e4. Ota rohkeasti yhteytt\u00e4.<\/p>\n<p><em>Hinnat: Alkaen 46\u20ac \/ tunti (sis. alv 25,5%). Pyyd\u00e4 tarjous.<\/em><\/p>\n<p>Katso my\u00f6s <a href=\"https:\/\/www.melodata.com\/?page_id=60\/\" rel=\"noopener noreferrer\">Podcast-koulutuksemme<\/a>.<\/p>\n<p><!-------\n<strong>Podcastin \u00e4\u00e4nitys - ja julkaisupalvelu<\/strong>\n\nHelpoimmalla podcastin teossa p\u00e4\u00e4see, kun tulee ja istuu mikrofonin eteen ja alkaa puhua. Me hoidamme\u00a0 \u00e4\u00e4nityksen, editoinnin ja toimittamisen podcast-julkaisupalveluihin kuten <em>Soundcloudiin<\/em>, tai <em>Anchor.fm<\/em> joista podcast voidaan linkitt\u00e4\u00e4 esim. <em>Spotifyn<\/em>, <em>Googlen<\/em><em>Applen<\/em> podcast-palveluihin.\n\n<em>Hinnat: \u00c4\u00e4nitys ja j\u00e4lkituotanto,\u00a0 alkaen 40\u20ac \/ tunti (sis. alv 24%). Pyyd\u00e4 tarjous!<\/em>\n\nKatso my\u00f6s <a href=\"https:\/\/www.melodata.com\/?page_id=60\/\" rel=\"noopener noreferrer\">Podcast-koulutuksemme<\/a>.\n\n&nbsp;\n----><br \/>\n<!------\n<strong>Puhetilaisuuksien \u00e4\u00e4nentoisto ja tallennus<\/strong>\n\nPystymme tarjoamaan \u00e4\u00e4nentoiston 50-200 hengen sis\u00e4tiloissa erilaisiin puhetilaisuuksiin, kuten hengelliset seuratilaisuudet, perhejuhlat, luennot, esitelm\u00e4t ym.\u00a0 Tilaisuudet on mahdollista tallentaa ja \u00e4\u00e4nitteet toimittaa s\u00e4hk\u00f6isess\u00e4 muodossa asiakkaalle esim. CD:ll\u00e4, muistitikulla tai internetin kautta. Valokuvaamme my\u00f6s tilaisuuden tarvittaessa.\n\n<em>Hinnat: Alkaen 45\u20ac \/ tunti (sis. alv 24%). Pyyd\u00e4 tarjous.<\/em>\n\n&nbsp;\n-----><\/p>\n<hr \/>\n<p><small><strong>Melodata Tuotannot<br \/>\n<\/strong><em>Musiikki-, atk-\u00a0 ja media -alan palveluja ja koulutusta erityisesti Loimaan seudulla sek\u00e4 verkossa.<br \/>\n<\/em><\/small><\/p>\n<p>&nbsp;<\/p>\n","protected":false},"excerpt":{"rendered":"<p>Podcast-ohjelman \u00e4\u00e4nitiedostojen editointi- ja koostopalvelu Podcastin ja radio-ohjelman \u00e4\u00e4nitt\u00e4minen on hauskaa, mutta joskus lopullisen ohjelman koostaminen ja editointi voi olla ty\u00f6l\u00e4st\u00e4 ja hankalalta tuntuvaa. Me autamme t\u00e4ss\u00e4: Podcast- ja radio- ym. ohjelmien koostaminen useasta \u00e4\u00e4nitiedostosta yhdeksi kokonaisuudeksi ja valmiiksi \u00e4\u00e4niraidaksi (haastattelut, efektit, mahdollinen musiikki ja jinglet jne.). \u00c4\u00e4nitiedostojen leikkaus, korjaus, kohinan- ja virheidenpoisto ym. sek\u00e4 &hellip; <a href=\"https:\/\/www.melodata.com\/?page_id=46\" class=\"more-link\">Jatka lukemista<span class=\"screen-reader-text\"> &#8221;AV-palvelut&#8221;<\/span><\/a><\/p>\n","protected":false},"author":1,"featured_media":0,"parent":0,"menu_order":0,"comment_status":"closed","ping_status":"closed","template":"","meta":{"footnotes":""},"class_list":["post-46","page","type-page","status-publish","hentry"],"_links":{"self":[{"href":"https:\/\/www.melodata.com\/index.php?rest_route=\/wp\/v2\/pages\/46","targetHints":{"allow":["GET"]}}],"collection":[{"href":"https:\/\/www.melodata.com\/index.php?rest_route=\/wp\/v2\/pages"}],"about":[{"href":"https:\/\/www.melodata.com\/index.php?rest_route=\/wp\/v2\/types\/page"}],"author":[{"embeddable":true,"href":"https:\/\/www.melodata.com\/index.php?rest_route=\/wp\/v2\/users\/1"}],"replies":[{"embeddable":true,"href":"https:\/\/www.melodata.com\/index.php?rest_route=%2Fwp%2Fv2%2Fcomments&post=46"}],"version-history":[{"count":59,"href":"https:\/\/www.melodata.com\/index.php?rest_route=\/wp\/v2\/pages\/46\/revisions"}],"predecessor-version":[{"id":680,"href":"https:\/\/www.melodata.com\/index.php?rest_route=\/wp\/v2\/pages\/46\/revisions\/680"}],"wp:attachment":[{"href":"https:\/\/www.melodata.com\/index.php?rest_route=%2Fwp%2Fv2%2Fmedia&parent=46"}],"curies":[{"name":"wp","href":"https:\/\/api.w.org\/{rel}","templated":true}]}}